4. Suppose a*j - j = 44. What are the prime factors of j?
2, 11
Suppose 4*z + 4045 = -3*t + 16733, -6322 = -2*z + 4*t. What are the prime factors of z?
3169
Suppose -60 = 11*x - 9*x. Let g = 84 + x. What are the prime factors of g?
2, 3
Let o = 3 - -48. Suppose 6*y - 33 = -213. Let k = o + y. List the prime factors of k.
3, 7
Let z(g) = 20*g**2 + 343*g - 59. What are the prime factors of z(-24)?
3229
Suppose 2*k = -w + 7 - 1, 2*w - 16 = -5*k. Suppose -5*o - k*i - 56 = 0, -3*o - 36 = 2*i + i. What are the prime factors of ((-82)/3)/(o/24)?
2, 41
List the prime factors of (-17)/51*-12 + (-3978)/(-2).
1993
Let z(y) be the third derivative of -y**4/8 - y**3/6 - 6*y**2. Let f be z(5). Let g(r) = -r**2 - 20*r - 24. List the prime factors of g(f).
2, 5
Let j(n) = -10*n**3 + 2*n**2 - 1. Let i be j(1). Let l = i + 16. Suppose -3*r = l - 22. What are the prime factors of r?
5
Let m(f) = -7*f + 37. Let s be m(5). Suppose 0 = -2*w - a + 127, -4*a + 3*a - 129 = -s*w. List the prime factors of w.
2
What are the prime factors of 4/22 - 8*(-411)/66?
2, 5
Let i = 52 + -47. Suppose 0 = -3*f - i*r + 161, -2*f + 3*r + 78 = -r. What are the prime factors of f?
47
Let m(n) = 3*n + 66. Let x be m(-21). Suppose -p + x*p = l + 141, -l = p - 69. List the prime factors of p.
2, 5, 7
Let d = -24 - -27. Suppose -d*n + 7 = 4*v, n - 2 + 0 = -v. Let u(l) = 30*l**2 + 1. What are the prime factors of u(n)?
31
Suppose 0 = -2*u - 2 + 10. Suppose -10 = -u*l + 2*l. List the prime factors of -1 + (-1 - l*-4).
2, 3
Let o(h) = h**3 + 16*h**2 + 13*h - 17. Let u be o(-12). Suppose -3*a + a - 4 = 0, -4*a - u = -5*c. List the prime factors of c.
79
What are the prime factors of 360 + (3 - (5 - 0))/(-2)?
19
Let n(m) = -6*m + 1. Let k(c) = -c**2 + 7*c - 3. Let u be k(6). Suppose 0*j - 2*z + 11 = -j, -u*j + 3*z = 18. List the prime factors of n(j).
7
Let c be (-77)/(-3) - (-6)/18. Suppose -4*r + 0*r + 12 = l, 5*r - c = -4*l. Suppose -2*b + 2*h + 70 = -3*h, -l*b + h = -104. List the prime factors of b.
5
Let c(g) = g**3 - 8*g**2 + 5*g + 2. Suppose -d - 35 = -6*d. Let x be c(d). List the prime factors of (8/x)/(8/(-252)).
3, 7
Suppose -7 = -p + 2*u, 3*p - 12 = -u + 23. Suppose -x = -32 + 14. Let h = x - p. List the prime factors of h.
7
Suppose -2*z - 4*m = 4, -5*z + m - 7 = 3. Let r = z + 10. Let d = r - -9. List the prime factors of d.
17
Suppose -14*w = -w - 24128. Suppose -7*m + 15*m = w. What are the prime factors of m?
2, 29
Suppose -26 = 3*r - r. Let a = r - -13. Suppose 5*p - 2 - 63 = a. List the prime factors of p.
13
Suppose -133*t + 2988 = -127*t. List the prime factors of t.
2, 3, 83
Suppose -25 = -5*k + 3*c + 2*c, -3*k + 22 = 4*c. Suppose -k*s + 4 = -5*s. What are the prime factors of ((-6)/s)/((-3)/28)?
2, 7
Let w(f) = f**2 + f - 1. Let m(q) = -q**3 + 11*q**2 + 10*q + 16. Let o(l) = -m(l) + w(l). What are the prime factors of o(11)?
5
Let r(q) = q**3 + 6*q**2 - 2*q + 4. Let k = -17 - -14. List the prime factors of r(k).
37
Let m = 9 - 2. Suppose -495 = -m*a + 583. List the prime factors of a.
2, 7, 11
Let m(p) = 3*p + 4. Let g be m(-3). Let r(a) = -a - 5. Let c be r(g). Suppose c = -5*d - 4*s + 239, -d + 8*s = 4*s - 43. List the prime factors of d.
47
Let m(o) = -o + 11. Let g be m(-14). Suppose -g = -5*n - 0*n. Suppose 0 = n*w - w - 168. What are the prime factors of w?
2, 3, 7
Suppose 778 = b - 3898. List the prime factors of b.
2, 7, 167
Let g = 790 - 141. What are the prime factors of g?
11, 59
Let w(k) = 4*k + 6. List the prime factors of w(11).
2, 5
Let a(j) = 13*j**3 + 9*j**2 - 8*j + 13. List the prime factors of a(4).
3, 11, 29
Let f = -14 + 0. Let z = f + 17. Suppose 0 = i + z*t - 13, 3*t + 2*t - 19 = -i. What are the prime factors of i?
2
Suppose 6*q - 6 = 6. Let j be 69/21 - q/7. Suppose j*x = -5*b + 70, 2*x + b - 27 - 15 = 0. List the prime factors of x.
2, 5
Let x(u) = -172*u + 73. What are the prime factors of x(-11)?
3, 5, 131
Suppose 5*z + 37 = i, 3*i - 3*z = -2*i + 97. Let m = 95 + i. List the prime factors of m.
2, 7
Let z(b) = -748*b + 202. List the prime factors of z(-2).
2, 3, 283
Let j(a) = -a**3 - 10*a**2 + 11*a + 22. Let n be j(-11). Suppose -3*v + n = y, -2*v + 40 = 3*y - 47. List the prime factors of y.
31
Suppose 0 = 9*k - 8*k + 3. List the prime factors of k - ((-12 - 1) + -3).
13
Let g = -11 - -18. Let s be -2*(-1)/7 - 51/7. Let n = g - s. What are the prime factors of n?
2, 7
Let f(s) = 2*s**2 - 6*s - 207. Let k(m) = m**2 - 3*m - 104. Let w(t) = -6*f(t) + 11*k(t). What are the prime factors of w(0)?
2, 7
Let s(y) = 89*y - 607. What are the prime factors of s(18)?
5, 199
Let h(u) = 4*u + 1. Let p be h(1). Suppose 5*m - 7 = -g, p*g = -0*g + 5*m - 55. List the prime factors of (2/(-5))/(g/400).
2, 5
Suppose -5*d + 25 = 0, 2*q = q - 3*d - 64. Let x = q + 132. What are the prime factors of x?
53
Let s(r) = -r**3 - 7*r**2 - 5*r + 8. Let x be s(-6). Suppose 0*h - 2*h + x*w = -104, 98 = 2*h + w. What are the prime factors of h?
2, 5
Let f(z) = -5*z**2 + z - 7. Let k be f(5). Let o = 211 + k. List the prime factors of o.
2, 3, 7
Let x be -1*(619/(-3) + (-8)/(-24)). Suppose 0 = 14*p - 15*p + x. What are the prime factors of p?
2, 103
Let w(s) = s**2 + 10*s + 11. Let g be w(-9). Suppose -m = g*m. Suppose m = z + j - 28, 5*z - 3*j + 5 = 185. List the prime factors of z.
3, 11
Let b(p) = -2*p**3 - 14*p**2 + 18*p + 41. List the prime factors of b(-11).
811
Suppose -4*h - t = -7 - 14, -4*h + 5*t + 39 = 0. Let q = 4 - h. List the prime factors of 17 - (q + -1) - 3.
17
Suppose -19*z = -13187 + 1350. What are the prime factors of z?
7, 89
Suppose -12*f = -8*f - 672. What are the prime factors of f?
2, 3, 7
Let t(j) = 2*j**2 - j - 7. Let z be t(-4). Suppose 0 = n - z - 33. What are the prime factors of n?
2, 31
Let r = -4 + 22. Suppose 0 = 3*q + 9 + r. Let c = 0 - q. What are the prime factors of c?
3
List the prime factors of (-4*(-20)/3)/(8/696).
2, 5, 29
Let w be (-18)/81 + 4/18. Let s(a) = 4 + 7*a**2 + w*a + 0*a + a - 5*a. List the prime factors of s(2).
2, 3
Let n = 7 + -16. Let c(f) = -6*f + 9. Let s be c(n). Suppose s = 3*k + o - 3*o, -85 = -4*k + 3*o. What are the prime factors of k?
19
Let u be (-1)/(-2) - (-19)/2. What are the prime factors of (-318)/9*-4 - u/(-15)?
2, 71
Suppose -4*g = -4 - 0. Suppose -3*l + 4 = g. What are the prime factors of 0*(0 - l) - -20?
2, 5
Let t = -2 - 6. Let i = t - -10. What are the prime factors of (2 - 0)*17/i?
17
Let s = 977 - 611. List the prime factors of s.
2, 3, 61
Suppose -f + 4*r = 21, 5*f - 6*r = -r - 30. Let y be ((-6)/(-7))/(f/7). What are the prime factors of 7/((1 - 4)/y)?
2, 7
Let l(k) = 4*k**2 + 4*k - 7. Suppose -2*r - 24 + 20 = 0. Let v be 5 + -4 + r + 5. What are the prime factors of l(v)?
73
Let u(j) = 3*j**3 - 3*j**2 + 1. Let k be u(-2). Let h = 14 + k. What are the prime factors of 3/h + 162/7?
23
Suppose -1361 + 3726 = 5*k. List the prime factors of k.
11, 43
Let w(r) be the third derivative of r**6/360 - r**5/120 - r**4/8 - r**3/3 + 4*r**2. Let y(n) be the first derivative of w(n). List the prime factors of y(-3).
3
What are the prime factors of (-5 + 63/12)*16756?
59, 71
Suppose -511*v + 517*v = 11604. List the prime factors of v.
2, 967
Suppose -1800 - 2114 = -19*b. What are the prime factors of b?
2, 103
Suppose -154500 = -66*x + 16*x. What are the prime factors of x?
2, 3, 5, 103
Let y(x) = x**2 - 7*x + 47. What are the prime factors of y(-20)?
587
Let l(p) = p + 8. Let c be l(-5). Suppose 4*d = 2*d + 2, 3*y - c*d = -216. Let i = 118 + y. List the prime factors of i.
47
Suppose 48 = 31*p - 27*p. What are the prime factors of p?
2, 3
Let a = -168 - -263. What are the prime factors of a/(-2)*6/(-5)?
3, 19
Suppose 4*u + 3*s = -109, 150 = -2*u - 3*u - s. Let r = u + 26. Let d = r - -10. List the prime factors of d.
5
What are the prime factors of (1500/8 - 2)*(8 + -4)?
2, 7, 53
Suppose -5 = 4*q + 5*o, -5 = 8*o - 3*o. Suppose a = -q*a + s - 8, 0 = 5*s - 15. Let v(u) = -u. List the prime factors of v(a).
5
Let g be (0 - 1)*(5 + (0 - 12)). Let m = g + 183. List the prime factors of m.
2, 5, 19
Let l = 18 - 15. List the prime factors of 30 + (6/l)/2.
31
List the prime factors of 4491/6*6/9.
499
Suppose -5*l - 2871 + 9007 = -3*c, -2*c = l - 1235. List the prime factors of l.
1229
Suppose 4*p + 36618 = 21*p